{"id":2794,"date":"2024-04-11T13:11:59","date_gmt":"2024-04-11T11:11:59","guid":{"rendered":"https:\/\/tiszalucihorgasz.hu\/?page_id=2794"},"modified":"2024-04-11T13:11:59","modified_gmt":"2024-04-11T11:11:59","slug":"telepites-2024","status":"publish","type":"page","link":"https:\/\/tiszalucihorgasz.hu\/index.php\/telepitesi-informaciok\/telepites-2024\/","title":{"rendered":"Telep\u00edt\u00e9s 2024"},"content":{"rendered":"\n<p>2024.04.10-\u00e9n 1 500 kg h\u00e1romnyaras ponty ker\u00fclt kihelyez\u00e9sre a Tiszal\u00faci Holt-Tisza &#8222;P\u00e9terke&#8221; elnevez\u00e9s\u0171 szakasz\u00e1n.<\/p>\n\n\n\n<figure class=\"wp-block-gallery has-nested-images columns-default is-cropped wp-block-gallery-1 is-layout-flex wp-block-gallery-is-layout-flex\">\n<figure class=\"wp-block-image size-large\"><img loading=\"lazy\" decoding=\"async\" width=\"576\" height=\"768\" data-id=\"2795\" src=\"https:\/\/tiszalucihorgasz.hu\/wp-content\/uploads\/2024\/04\/IMG_0672-1-576x768.jpeg\" alt=\"\" class=\"wp-image-2795\" srcset=\"https:\/\/tiszalucihorgasz.hu\/wp-content\/uploads\/2024\/04\/IMG_0672-1-576x768.jpeg 576w, https:\/\/tiszalucihorgasz.hu\/wp-content\/uploads\/2024\/04\/IMG_0672-1-180x240.jpeg 180w, https:\/\/tiszalucihorgasz.hu\/wp-content\/uploads\/2024\/04\/IMG_0672-1-768x1024.jpeg 768w, https:\/\/tiszalucihorgasz.hu\/wp-content\/uploads\/2024\/04\/IMG_0672-1-1152x1536.jpeg 1152w, https:\/\/tiszalucihorgasz.hu\/wp-content\/uploads\/2024\/04\/IMG_0672-1.jpeg 1350w\" sizes=\"auto, (max-width: 576px) 100vw, 576px\" \/><\/figure>\n\n\n\n<figure class=\"wp-block-image size-large\"><img loading=\"lazy\" decoding=\"async\" width=\"1024\" height=\"768\" data-id=\"2797\" src=\"https:\/\/tiszalucihorgasz.hu\/wp-content\/uploads\/2024\/04\/IMG_0673-1-1024x768.jpeg\" alt=\"\" class=\"wp-image-2797\" srcset=\"https:\/\/tiszalucihorgasz.hu\/wp-content\/uploads\/2024\/04\/IMG_0673-1-1024x768.jpeg 1024w, https:\/\/tiszalucihorgasz.hu\/wp-content\/uploads\/2024\/04\/IMG_0673-1-300x225.jpeg 300w, https:\/\/tiszalucihorgasz.hu\/wp-content\/uploads\/2024\/04\/IMG_0673-1-768x576.jpeg 768w, https:\/\/tiszalucihorgasz.hu\/wp-content\/uploads\/2024\/04\/IMG_0673-1.jpeg 1500w\" sizes=\"auto, (max-width: 1024px) 100vw, 1024px\" \/><\/figure>\n\n\n\n<figure class=\"wp-block-image size-large\"><img loading=\"lazy\" decoding=\"async\" width=\"576\" height=\"768\" data-id=\"2796\" src=\"https:\/\/tiszalucihorgasz.hu\/wp-content\/uploads\/2024\/04\/IMG_0674-1-576x768.jpeg\" alt=\"\" class=\"wp-image-2796\" srcset=\"https:\/\/tiszalucihorgasz.hu\/wp-content\/uploads\/2024\/04\/IMG_0674-1-576x768.jpeg 576w, https:\/\/tiszalucihorgasz.hu\/wp-content\/uploads\/2024\/04\/IMG_0674-1-180x240.jpeg 180w, https:\/\/tiszalucihorgasz.hu\/wp-content\/uploads\/2024\/04\/IMG_0674-1-768x1024.jpeg 768w, https:\/\/tiszalucihorgasz.hu\/wp-content\/uploads\/2024\/04\/IMG_0674-1-1152x1536.jpeg 1152w, https:\/\/tiszalucihorgasz.hu\/wp-content\/uploads\/2024\/04\/IMG_0674-1.jpeg 1350w\" sizes=\"auto, (max-width: 576px) 100vw, 576px\" \/><\/figure>\n\n\n\n<figure class=\"wp-block-image size-large\"><img loading=\"lazy\" decoding=\"async\" width=\"1024\" height=\"768\" data-id=\"2798\" src=\"https:\/\/tiszalucihorgasz.hu\/wp-content\/uploads\/2024\/04\/IMG_0675-1024x768.jpeg\" alt=\"\" class=\"wp-image-2798\" srcset=\"https:\/\/tiszalucihorgasz.hu\/wp-content\/uploads\/2024\/04\/IMG_0675-1024x768.jpeg 1024w, https:\/\/tiszalucihorgasz.hu\/wp-content\/uploads\/2024\/04\/IMG_0675-300x225.jpeg 300w, https:\/\/tiszalucihorgasz.hu\/wp-content\/uploads\/2024\/04\/IMG_0675-768x576.jpeg 768w, https:\/\/tiszalucihorgasz.hu\/wp-content\/uploads\/2024\/04\/IMG_0675-1536x1152.jpeg 1536w, https:\/\/tiszalucihorgasz.hu\/wp-content\/uploads\/2024\/04\/IMG_0675.jpeg 2048w\" sizes=\"auto, (max-width: 1024px) 100vw, 1024px\" \/><\/figure>\n<\/figure>\n\n\n\n<hr class=\"wp-block-separator has-alpha-channel-opacity\"\/>\n","protected":false},"excerpt":{"rendered":"<p>2024.04.10-\u00e9n 1 500 kg h\u00e1romnyaras ponty ker\u00fclt kihelyez\u00e9sre a Tiszal\u00faci Holt-Tisza &#8222;P\u00e9terke&#8221; elnevez\u00e9s\u0171 szakasz\u00e1n.<\/p>\n","protected":false},"author":1,"featured_media":0,"parent":98,"menu_order":0,"comment_status":"closed","ping_status":"closed","template":"","meta":{"footnotes":""},"class_list":["post-2794","page","type-page","status-publish","hentry"],"_links":{"self":[{"href":"https:\/\/tiszalucihorgasz.hu\/index.php\/wp-json\/wp\/v2\/pages\/2794","targetHints":{"allow":["GET"]}}],"collection":[{"href":"https:\/\/tiszalucihorgasz.hu\/index.php\/wp-json\/wp\/v2\/pages"}],"about":[{"href":"https:\/\/tiszalucihorgasz.hu\/index.php\/wp-json\/wp\/v2\/types\/page"}],"author":[{"embeddable":true,"href":"https:\/\/tiszalucihorgasz.hu\/index.php\/wp-json\/wp\/v2\/users\/1"}],"replies":[{"embeddable":true,"href":"https:\/\/tiszalucihorgasz.hu\/index.php\/wp-json\/wp\/v2\/comments?post=2794"}],"version-history":[{"count":1,"href":"https:\/\/tiszalucihorgasz.hu\/index.php\/wp-json\/wp\/v2\/pages\/2794\/revisions"}],"predecessor-version":[{"id":2799,"href":"https:\/\/tiszalucihorgasz.hu\/index.php\/wp-json\/wp\/v2\/pages\/2794\/revisions\/2799"}],"up":[{"embeddable":true,"href":"https:\/\/tiszalucihorgasz.hu\/index.php\/wp-json\/wp\/v2\/pages\/98"}],"wp:attachment":[{"href":"https:\/\/tiszalucihorgasz.hu\/index.php\/wp-json\/wp\/v2\/media?parent=2794"}],"curies":[{"name":"wp","href":"https:\/\/api.w.org\/{rel}","templated":true}]}}