{"id":2620,"date":"2023-11-21T10:32:52","date_gmt":"2023-11-21T09:32:52","guid":{"rendered":"https:\/\/tiszalucihorgasz.hu\/?page_id=2620"},"modified":"2024-04-08T10:26:00","modified_gmt":"2024-04-08T08:26:00","slug":"tiszaluci-holt-tisza-terkep","status":"publish","type":"page","link":"https:\/\/tiszalucihorgasz.hu\/index.php\/tiszaluci-holt-tisza-terkep\/","title":{"rendered":"Horg\u00e1szvizsga inform\u00e1ci\u00f3"},"content":{"rendered":"\n\n\n<figure class=\"wp-block-image size-large\"><img loading=\"lazy\" decoding=\"async\" width=\"1024\" height=\"473\" src=\"https:\/\/tiszalucihorgasz.hu\/wp-content\/uploads\/2023\/03\/335675154_233381705798214_1818974310852421702_n-1024x473.jpg\" alt=\"\" class=\"wp-image-2056\" srcset=\"https:\/\/tiszalucihorgasz.hu\/wp-content\/uploads\/2023\/03\/335675154_233381705798214_1818974310852421702_n-1024x473.jpg 1024w, https:\/\/tiszalucihorgasz.hu\/wp-content\/uploads\/2023\/03\/335675154_233381705798214_1818974310852421702_n-300x138.jpg 300w, https:\/\/tiszalucihorgasz.hu\/wp-content\/uploads\/2023\/03\/335675154_233381705798214_1818974310852421702_n-768x354.jpg 768w, https:\/\/tiszalucihorgasz.hu\/wp-content\/uploads\/2023\/03\/335675154_233381705798214_1818974310852421702_n.jpg 1196w\" sizes=\"auto, (max-width: 1024px) 100vw, 1024px\" \/><\/figure>\n\n\n\n<p><a href=\"https:\/\/portal.nebih.gov.hu\/documents\/10182\/808522\/HORG%C3%81SZVIZSGA-TANANYAG_aktualizlt_202000731_FIN.pdf\/06b20bae-d4c0-63a6-bb9d-bfb69ad7ba02?t=1598332560244\" target=\"_blank\" rel=\"noreferrer noopener\">Tananyag a horg\u00e1szvizsg\u00e1ra val\u00f3 felk\u00e9sz\u00fcl\u00e9shez<\/a><br><a href=\"https:\/\/portal.nebih.gov.hu\/documents\/10182\/808522\/reszletes_vizsgaszabalyzat_horgaszvizsga_20200731_FIN.pdf\/f56d19bb-3dc7-5edc-7a11-cf91ecdffc1d?t=1598332560954\" target=\"_blank\" rel=\"noreferrer noopener\">Horg\u00e1szvizsg\u00e1ztat\u00e1s r\u00e9szletes szab\u00e1lyzata<\/a><\/p>\n","protected":false},"excerpt":{"rendered":"<p>Tananyag a horg\u00e1szvizsg\u00e1ra val\u00f3 felk\u00e9sz\u00fcl\u00e9shezHorg\u00e1szvizsg\u00e1ztat\u00e1s r\u00e9szletes szab\u00e1lyzata<\/p>\n","protected":false},"author":1,"featured_media":0,"parent":0,"menu_order":0,"comment_status":"closed","ping_status":"closed","template":"","meta":{"footnotes":""},"class_list":["post-2620","page","type-page","status-publish","hentry"],"_links":{"self":[{"href":"https:\/\/tiszalucihorgasz.hu\/index.php\/wp-json\/wp\/v2\/pages\/2620","targetHints":{"allow":["GET"]}}],"collection":[{"href":"https:\/\/tiszalucihorgasz.hu\/index.php\/wp-json\/wp\/v2\/pages"}],"about":[{"href":"https:\/\/tiszalucihorgasz.hu\/index.php\/wp-json\/wp\/v2\/types\/page"}],"author":[{"embeddable":true,"href":"https:\/\/tiszalucihorgasz.hu\/index.php\/wp-json\/wp\/v2\/users\/1"}],"replies":[{"embeddable":true,"href":"https:\/\/tiszalucihorgasz.hu\/index.php\/wp-json\/wp\/v2\/comments?post=2620"}],"version-history":[{"count":2,"href":"https:\/\/tiszalucihorgasz.hu\/index.php\/wp-json\/wp\/v2\/pages\/2620\/revisions"}],"predecessor-version":[{"id":2779,"href":"https:\/\/tiszalucihorgasz.hu\/index.php\/wp-json\/wp\/v2\/pages\/2620\/revisions\/2779"}],"wp:attachment":[{"href":"https:\/\/tiszalucihorgasz.hu\/index.php\/wp-json\/wp\/v2\/media?parent=2620"}],"curies":[{"name":"wp","href":"https:\/\/api.w.org\/{rel}","templated":true}]}}