{"id":23,"date":"2016-03-31T12:09:00","date_gmt":"2016-03-31T12:09:00","guid":{"rendered":"https:\/\/tiszalucihorgasz.hu\/?page_id=23"},"modified":"2022-03-03T09:28:36","modified_gmt":"2022-03-03T08:28:36","slug":"napijegy-arusito-helyek","status":"publish","type":"page","link":"https:\/\/tiszalucihorgasz.hu\/index.php\/jegyarak\/napijegy-arusito-helyek\/","title":{"rendered":"Napijegy \u00e1rus\u00edt\u00f3 helyek"},"content":{"rendered":"<p style=\"text-align: center;\">COCOS Kiskocsma<\/p>\n<p style=\"text-align: center;\">3565 Tiszal\u00fac, Gy\u00f6ngyvir\u00e1g u. 25.<\/p>\n\n\n<div class=\"wp-block-image\"><figure class=\"aligncenter size-medium is-resized\"><img loading=\"lazy\" decoding=\"async\" src=\"https:\/\/tiszalucihorgasz.hu\/wp-content\/uploads\/2022\/03\/F542AE6D-291E-42D5-A38E-F0EDE984F28C-300x163.jpeg\" alt=\"\" class=\"wp-image-1686\" width=\"300\" height=\"163\" srcset=\"https:\/\/tiszalucihorgasz.hu\/wp-content\/uploads\/2022\/03\/F542AE6D-291E-42D5-A38E-F0EDE984F28C-300x163.jpeg 300w, https:\/\/tiszalucihorgasz.hu\/wp-content\/uploads\/2022\/03\/F542AE6D-291E-42D5-A38E-F0EDE984F28C.jpeg 640w\" sizes=\"auto, (max-width: 300px) 100vw, 300px\" \/><\/figure><\/div>\n\n\n","protected":false},"excerpt":{"rendered":"<p>COCOS Kiskocsma 3565 Tiszal\u00fac, Gy\u00f6ngyvir\u00e1g u. 25.<\/p>\n","protected":false},"author":1,"featured_media":0,"parent":62,"menu_order":0,"comment_status":"closed","ping_status":"closed","template":"","meta":{"footnotes":""},"class_list":["post-23","page","type-page","status-publish","hentry"],"_links":{"self":[{"href":"https:\/\/tiszalucihorgasz.hu\/index.php\/wp-json\/wp\/v2\/pages\/23","targetHints":{"allow":["GET"]}}],"collection":[{"href":"https:\/\/tiszalucihorgasz.hu\/index.php\/wp-json\/wp\/v2\/pages"}],"about":[{"href":"https:\/\/tiszalucihorgasz.hu\/index.php\/wp-json\/wp\/v2\/types\/page"}],"author":[{"embeddable":true,"href":"https:\/\/tiszalucihorgasz.hu\/index.php\/wp-json\/wp\/v2\/users\/1"}],"replies":[{"embeddable":true,"href":"https:\/\/tiszalucihorgasz.hu\/index.php\/wp-json\/wp\/v2\/comments?post=23"}],"version-history":[{"count":6,"href":"https:\/\/tiszalucihorgasz.hu\/index.php\/wp-json\/wp\/v2\/pages\/23\/revisions"}],"predecessor-version":[{"id":1688,"href":"https:\/\/tiszalucihorgasz.hu\/index.php\/wp-json\/wp\/v2\/pages\/23\/revisions\/1688"}],"up":[{"embeddable":true,"href":"https:\/\/tiszalucihorgasz.hu\/index.php\/wp-json\/wp\/v2\/pages\/62"}],"wp:attachment":[{"href":"https:\/\/tiszalucihorgasz.hu\/index.php\/wp-json\/wp\/v2\/media?parent=23"}],"curies":[{"name":"wp","href":"https:\/\/api.w.org\/{rel}","templated":true}]}}